 the second derivative of k**5/20 + k**4/3 - 2*k**2 + 4*k. Let b(i) = -4*i + 1. Let h = 0 - -1. Let v be b(h). Determine j(v).
5
Let i(s) = 11*s**3 - 5*s**2 - 13*s + 7. Let w(v) = -5*v**3 + 3*v**2 + 7*v - 3. Let p(a) = 4*i(a) + 9*w(a). Give p(8).
25
Let s(u) = 1. Suppose 4*m + 3 = m. Let b(g) = -g. Let v(j) = m*b(j) + 6*s(j). Suppose -3*r + 9 = 0, r - 6*r + 35 = -5*o. What is v(o)?
2
Let k(o) be the first derivative of o**2 + 4*o - 25. Calculate k(4).
12
Let v(i) = i + 1. Let l = -93 - -85. Determine v(l).
-7
Let s(c) = -5*c**3 - 3*c**2 - 10*c + 4. Let l(r) = 6*r**3 + 3*r**2 + 11*r - 4. Let z(k) = 6*l(k) + 7*s(k). Give z(4).
4
Let k(q) = 2*q - 16. Let c(s) = -3*s + 15. Let y(t) = 3*c(t) + 4*k(t). Calculate y(0).
-19
Let g(a) be the first derivative of -a**3/3 - a**2/2 + 11*a + 9. Calculate g(0).
11
Let q(c) be the first derivative of c**5/20 - 5*c**4/12 + c**3/2 - 2*c**2 - c + 4. Let t(j) be the first derivative of q(j). Calculate t(4).
-8
Let y = 140 + -84. Suppose 0 = -r - 3*r - y. Let z = r + 8. Let k(a) = a + 4. Calculate k(z).
-2
Let j(d) = -4*d**3 - 11*d**2 - 21. Let k(o) = -o**3 - 3*o**2 - 5. Let c(s) = 2*j(s) - 9*k(s). Calculate c(-5).
3
Let w be (12/(-24))/(1/2). Let f(c) = -10*c**2 + c. Let o(p) = p - 1. Suppose -3*x - 2 = -5*x. Let v(l) = w*f(l) + x*o(l). Give v(1).
9
Let y(m) = 3*m - 6 - 21*m**2 + 5*m + 19*m**2. Calculate y(5).
-16
Suppose x + 10 = 2*c, -3*c + 22 = x - 6*x. Let j(n) = n**3 - 4*n + n - 3*n + 3 - c*n**2 + 0. Determine j(5).
-2
Let u(m) = -m**3 - 2*m**2 + 4*m + 4. Suppose 0 = 6*c + 15 + 3. Give u(c).
1
Let z = 3 + -1. Suppose -4*l + 12 + 8 = 0. Let s(n) = 2 + 3*n**2 - l*n**z + n**3 - 6*n + 6*n**2. Determine s(-5).
7
Let o(i) = 3*i**3 + 9*i**2 - 17*i - 9. Let c(x) = -3*x + 0 + 12*x - 4*x**2 + 2 + 3 - 2*x**3. Let g(q) = 5*c(q) + 3*o(q). Let s be 9/(-2 - (-7)/2). Give g(s).
-2
Suppose 5*n + 4*o + 126 = 0, 2*n = -0*n - 3*o - 56. Let s be 84/(-22) + 4/n. Let d(x) = x**2 + 4*x + 3. What is d(s)?
3
Let x(j) = -7*j**2 + 2*j - 7. Let q(y) = 6*y**2 - 3*y + 6. Let g(o) = -6*q(o) - 5*x(o). Calculate g(7).
6
Let r(s) = -s**2 - 5*s + 6. Let m(z) = -z - 1. Let y be m(4). Give r(y).
6
Let j(s) = s**3 - 4*s**2 + s + 5. Let g = -102 - -106. Give j(g).
9
Let o(m) = 0*m**2 + m**2 + m - 3 + 1. Let c = 6 + -10. Give o(c).
10
Let w = 27 - 24. Let y(k) be the second derivative of 1/12*k**4 + 0 - k - 1/2*k**w + 3/2*k**2. Calculate y(3).
3
Let a(t) = -t. Suppose 3*k + 28 = -2*g - 2*k, 12 = -5*g + 2*k. Let s(c) = -2 + c + 0 + c**2 + 3*c. Let v be s(g). What is a(v)?
2
Let s(f) = -2 - 2 + 2 - 3*f. Let n(b) = -b - 1. Suppose 0 = 4*q - 2 + 46. Let g(v) = q*n(v) + 4*s(v). Determine g(-4).
7
Let n = 6 + -6. Suppose 2 = k - n. Let x(o) = -o + 2. Determine x(k).
0
Let x(w) = -6*w**2 + 4*w**3 + 2 - w + 4*w**2 - w - 3*w**3. Calculate x(3).
5
Let u(p) = 3 + 3*p**3 - p**3 + p**3 - 2*p**3 - 3*p**2. Let w = -2 + 5. What is u(w)?
3
Suppose -9 = -2*m + k, -29 = -5*m + 5*k - 4. Let p(d) be the third derivative of 0*d + 0 + 1/3*d**3 + 1/12*d**4 + d**2. What is p(m)?
10
Let t(b) = -4*b - 8 + 0*b + 2*b - b. Let i(m) = 8*m + 25. Let g(n) = -4*i(n) - 11*t(n). Let z = 4 - -1. Determine g(z).
-7
Let r(v) = v**3 + v**2 + 4. Let n(d) = -d**2 + 1. Suppose 0 = -5*h - 4*p + 3, -3*h + 3*p + 0 - 9 = 0. Let s(j) = h*n(j) + r(j). Calculate s(-3).
-6
Let z = 1 - -2. Let o(l) = l**2 + 4*l - 5. Let u be o(-5). Let j(k) = k + 3*k + u*k - 2 + 0*k. Determine j(z).
10
Suppose -2*a + 25 = 3*a. Suppose -3*s = a*u + 10, 15 = -5*u + 2*u. Let q(j) be the third derivative of -j**4/12 + j**3/2 - j**2. What is q(s)?
-7
Let s(t) = t**2 + 2*t - 3. Suppose -3*u + 19 = -2*y, -y + 5*y + 11 = -3*u. Let q = -4 + 6. Suppose -u*m + 4 + q = 0. Determine s(m).
5
Suppose 195 - 185 = 2*q. Let p(f) be the third derivative of 0*f + 2/3*f**3 - 1/120*f**6 - 1/20*f**q + 1/8*f**4 + 0 - 4*f**2. Give p(-4).
8
Let m(n) = -n**3 - 8*n**2 + 9*n - 3. Let v be m(-9). Let b be (-6)/(-9) - (-14)/v. Let q(r) = r**2 + 4*r - 5. What is q(b)?
-5
Suppose -5*b - 1 = -3*c, -4*c = b - 0*b - 9. Let w(k) = 5*k - 6*k + b - 2*k. What is w(4)?
-11
Suppose 5*t - 11 = d, -20 = 3*d - 8*d. Let m(a) = 4 + 3*a**2 - 2*a**2 + 2*a + a - 6*a. Give m(t).
4
Let v be (-4)/18 - 114/(-27). Let b(q) = 1 - v + 0 - 3*q + q. Calculate b(-4).
5
Let k(x) = x**3 + x. Let z(r) = -r**2 - r + 2. Let j be z(-2). What is k(j)?
0
Let r(s) be the second derivative of -s**5/10 + s**4/12 + s**3/6 + 2*s. Let q be r(-1). Let h(b) = -1 + b - 1 + b**2 - 2*b**2. Give h(q).
-4
Let d(u) = 2*u + 1 + 3 - u. Suppose 0 = 5*m - 4*m - 10*m. Give d(m).
4
Suppose 5*m = 2*m + 9. Let z be ((-2)/3)/(1/(-18)). Let r(s) = 1. Let c(k) = 2*k + 8. Let b(v) = z*r(v) - c(v). Determine b(m).
-2
Let d(k) = 4*k**2 + k. Let x be (-68)/(-6) - 12/36. Suppose 0 = 3*c + 8 - x. Determine d(c).
5
Let k(x) be the first derivative of 7*x**2/2 + 2*x - 6. Give k(2).
16
Let v = -27 + 33. Suppose 2*q - 6 = -0*q - 4*t, -2*q = 5*t - v. Let g(b) = b**2 + 2. Determine g(q).
11
Suppose 0 = 2*q - j - 4 - 9, q = -4*j + 20. Suppose 4*v + 9*p = 4*p - 32, 0 = 4*v - p + q. Let r(b) = -b. Calculate r(v).
3
Let v(c) be the third derivative of -c**6/720 - c**4/8 - 3*c**2. Let x(g) be the second derivative of v(g). Give x(2).
-2
Let k(r) = -4*r**2 + r. Let j be k(-1). Let w(u) be the first derivative of -u**3/3 - 2*u**2 + 2*u - 3. Give w(j).
-3
Let x(z) = -6*z**2 - 6*z + 5. Let v(n) = 17*n**2 + 17*n - 14. Let w be -1 + -1 - 36/4. Let b(y) = w*x(y) - 4*v(y). Determine b(1).
-3
Let o(v) = v**2 + 3*v - 1. Let h be (-24)/(-16)*44/(-6). Let p = h - -8. Give o(p).
-1
Let v(l) be the third derivative of -l**6/360 - l**5/120 + 5*l**4/24 - 4*l**3/3 + 9*l**2. Let a(m) be the first derivative of v(m). Give a(-5).
-15
Let c(d) be the second derivative of -d**5/20 + d**4/4 - 2*d**3/3 + 3*d**2/2 + 5*d. What is c(2)?
-1
Let a(k) = -k**2 - 5*k + 3. Let v be a(-6). Let u(m) be the second derivative of -m**5/20 - m**4/6 + 2*m**3/3 - m**2/2 + m. Give u(v).
-4
Let c(y) = -y**2 - 7*y - 3. Let r be 4/(-20) - -4*51/(-30). Give c(r).
-3
Let v(a) = a**3 - 4*a**2 - 4*a - 3. Suppose q - 16 = 3*n, -q + 0*q + 12 = -2*n. Let g = -5 - n. Let j be 5 + (-2)/(-2) + g. Determine v(j).
2
Let o(n) be the second derivative of -n**4/12 + 4*n**3/3 + n**2 + n. What is o(8)?
2
Let b = -24 - -25. Let j(f) = 2*f - f - 1 + 3*f**3 + f. Give j(b).
4
Let w = 12 - 7. Suppose 5*b + 5*t + 0*t - 10 = 0, -3*t + 10 = w*b. Let j be (-2 + 1)*(b + 1). Let m(a) = -a + 1. Give m(j).
4
Suppose 5*z + 28 = z. Let p = z + 3. Let r(l) = l**3 + 3*l**2 - 4*l - 4. Calculate r(p).
-4
Let j(n) = -2 + 9*n + 0*n - 12*n. Determine j(-2).
4
Let j(t) = -3*t + t - t**2 + 3*t + 4. Give j(4).
-8
Let y(l) = 18*l**3 - 3*l**3 + 1 - 4*l**3 - 10*l**3. Calculate y(1).
2
Suppose -2 = 3*h - 17. Let r(o) be the second derivative of -o**5/20 + o**4/3 + o**3 + 3*o**2/2 + o. What is r(h)?
8
Let g(n) = -3*n**2 - 2*n + 3. Let v be ((-1)/(-2))/((-5)/60). Let t(r) = 3*r + 20. Let x be t(v). What is g(x)?
-13
Let f(p) be the second derivative of 3*p**5/20 + 22*p. What is f(-1)?
-3
Let o be 2/(0 + 2) - -2. Let j(a) be the second derivative of -a**2 - a + 0 - 1/3*a**o. Determine j(-2).
2
Let f(d) = 10*d**3 + 14*d**2 + 14*d - 2. Let y(z) = z**3 + z**2 + z. Let j(a) = f(a) - 12*y(a). Let o = -2 + 4. Give j(o).
-6
Suppose -y + 5 + 1 = 0. Let w be (y/4)/((-6)/(-16)). Suppose 15 = 5*u - 5*a, -2*a + 0*a = w. Let x(d) = d**2 - d + 1. Give x(u).
1
Let k(f) = f**3 + f - 3. Let j(z) = -z**2 - 16*z. Let x be j(-16). What is k(x)?
-3
Suppose 20*y - 24 = 16*y. Let s(w) = -w**2 + 5*w. Determine s(y).
-6
Let g = -9 - -6. Let h(u) = -u**2 + 2. Calculate h(g).
-7
Let s(o) = 2*o - 2. Let l be (-49)/(-21) + 6/9. What is s(l)?
4
Suppose -4*y = -8*y - 4. Let n(r) be the third derivative of -r**6/120 - r**5/60 - r**4/12 - r**3/6 - 7*r**2. Determine n(y).
1
Let i(l) = 2*l - 4 + 5*l**2 + 0*l - l - 4*l - l**3. Determine i(3).
5
Let c(l) = 4*l + 5*l**2 + 2*l**2 - 4*l**2 + 3 - 4*l**2. What is c(6)?
-9
Let m(d) = -43 + d + 36 + 2*d - 4*d. What is m(-7)?
0
Suppose 3 - 21 = 3*b. Let x = b - -5. Let k(j) = 3*j**2. What is k(x)?
3
Let k(u) = u**3 - 4*u**2 - 5*u + 7. Suppose 4*t + 5 = -t. Let g = -7 - t. Let r = g + 11. What is k(r)?
7
Let u = 45541/60 + -759. Let o(z) be the third derivative of 0*z + 0 - u*z**5 - 2*z**2 - 1/6*z**3 + 1/12